 + 3*j = -3 + 2. Calculate the highest common divisor of u and 56.
7
Let t = 23 - 18. Let w be (-2)/(7*16/24*(-3)/7). Calculate the highest common factor of t and w.
1
Suppose -104 = 10*h - 294. Calculate the highest common factor of h and 7201.
19
Let z(h) = -h**3 + 7*h**2 - 4*h + 13. Let w be z(6). Calculate the greatest common factor of w and 1025.
25
Suppose 2*c - 372 = -4*j, 4*c - 733 = 15*j - 12*j. What is the highest common factor of c and 230?
46
Let u(s) = 5*s - 43. Let b be u(11). Suppose 3*z = -3*o + 96, 5*o + b + 8 = 0. Calculate the highest common divisor of z and 24.
12
Suppose 504 = 3*f - 5*l, 19*f - 24*f = l - 840. Suppose 2*r = 5*d + 34 + 12, 4*r - 114 = -d. Calculate the highest common factor of f and r.
28
Let c(n) = 2*n**2 + 23*n - 14. Let g be c(-13). Let k be 11 - ((-1640)/4 - 4). What is the greatest common factor of k and g?
25
Suppose -15*o - 14 = 1. Let k be (-4968)/(-20) - o*6/10. Suppose 3*x = n + k, 0*x - 81 = -x + n. Calculate the highest common factor of x and 36.
12
Let j = 229 + -309. Let m = -15 - j. Calculate the highest common factor of 26 and m.
13
Let g = 8274 + -5845. Calculate the greatest common factor of g and 7.
7
Let r be (-2 - (5 - 4)) + 10/2. Suppose -u = -3*u - a + 19, r*a = -10. Calculate the greatest common factor of u and 408.
12
Suppose 334 = a - r, 0 = -a + 4*r + 425 - 82. Suppose -5*f + 623 = i, -a = -4*f + i + 171. Suppose -6 + f = v. What is the highest common factor of v and 17?
17
Let p(v) be the second derivative of 3*v**3/2 - 6*v**2 + 468*v. Suppose 1 = j - 3. Let u be p(j). What is the highest common divisor of u and 6?
6
Suppose -s - 5*s = -3*s. Suppose -c + 0 + 45 = s. Calculate the highest common divisor of 18 and c.
9
Let y(k) = 121*k + 4974. Let w be y(-41). Calculate the highest common factor of w and 7.
1
Suppose -97 = 4*y + 95. Let o be (154/8)/(-11)*y. Calculate the highest common factor of o and 105.
21
Suppose 0 = 30*z + 5*z - 54495. What is the highest common factor of 18 and z?
9
Suppose 37*p - q = 33*p + 169, q = 3*p - 127. Calculate the highest common factor of 679 and p.
7
Let o(k) = -77*k - 645. Let s be o(-15). Calculate the highest common divisor of s and 15.
15
Let v(x) = -2*x**3 - 44*x**2 - 45*x + 35. Let c be v(-21). Calculate the highest common divisor of 28 and c.
14
Let m = -44 - -152. Let p(k) = -4*k**2 - 85*k - 76. Let z be p(-20). What is the highest common divisor of m and z?
12
Let n = -1199 - -1271. What is the greatest common factor of 9 and n?
9
Let f be 34/14 + -2 + 24/(-56). Suppose -b + 5*v + 250 = 0, f = 6*b - 3*b - v - 722. What is the greatest common factor of b and 16?
16
Suppose -232 = -5*o + 78. Let j = 56 - o. Let k be (-130)/(-14) - j/(-21). What is the highest common divisor of 3 and k?
3
Suppose 4*m + 9*d = 4*d + 3, -2*m + 4*d = -8. Suppose -m*v - 1092 = -9*v. What is the greatest common divisor of 12 and v?
12
Let t = -10610 + 40007. Calculate the greatest common divisor of t and 123.
123
Let t(k) = k**3 + 14*k**2 - 6*k - 12. Let f = -54 - -40. Let d be t(f). Let z = d + -64. Calculate the highest common factor of 40 and z.
8
Let v be ((588/16)/(-49))/((-1)/1684). What is the greatest common factor of 3 and v?
3
Let v = 88 + -34. Let x be -5 + (-1)/((-7)/(-224)). Let k = x + v. What is the greatest common divisor of 136 and k?
17
Suppose 464*u + 391 = 3639. Calculate the greatest common divisor of u and 26551.
7
Let a(y) be the third derivative of y**5/60 + 7*y**4/12 + 17*y**3/6 - 12*y**2. Let h be a(-9). Let c = 55 + h. What is the greatest common factor of c and 189?
27
Let w(y) = 330*y + 72. Let b be w(15). Calculate the greatest common factor of 930 and b.
186
Let a = -49 - -124. Let l(y) = 248*y - 27793. Let p be l(116). What is the greatest common factor of a and p?
75
Let u be (-520)/416 + 3044/16. What is the greatest common divisor of u and 105?
21
Let h(m) = m**3 + 25*m**2 + 19*m - 113. Let a be h(-24). Let d(i) = i**3 - 8*i**2 + 9*i - 12. Let b be d(a). Calculate the greatest common factor of 58 and b.
2
Let b be (-6554)/(-6) - (-1)/(-3). Let d = 2315 - b. Suppose 9*x - 307 - d = 0. What is the greatest common factor of 34 and x?
34
Suppose -1363*u = -1372*u + 1890. What is the highest common factor of u and 10185?
105
Suppose -4*p + 2*k + 15 = 5, -5*p = 3*k - 18. Let d be (-8)/(-12)*-6 + p - -15. Calculate the highest common factor of d and 21.
7
Let m be 3/6*1 + 1076/(-8). Let q = -129 - m. Suppose 4*k = -4*d + 5*k + 199, q*d + 3*k = 236. Calculate the highest common factor of d and 7.
7
Let w be 2230/15 - ((-16)/12 + 1). Suppose -5*j - 164 = -w. Let k be -1 + 12 - (8 + j). Calculate the highest common factor of k and 12.
6
Let q be ((-9)/2)/((-1)/226). Suppose -5*s - 7484 = 3*l - 7562, 4*s - 91 = -5*l. What is the greatest common divisor of s and q?
9
Let u(t) = -548*t**3 + 4*t**2 - t + 2. Let m be u(-2). What is the greatest common factor of m and 108?
12
Suppose 97*v + 14101 = 92*v + 124771. Calculate the greatest common divisor of v and 217.
217
Suppose -6*f = f - 294. Let x = 69 - f. What is the highest common divisor of x and 27?
27
Let r = -13 - -29. Suppose 40*t - 23 = 462 + 155. Calculate the highest common divisor of r and t.
16
Let v = 2 - -1. Let l be 148/10*(-65)/(-26). Suppose -a + 2*i - 9 = -l, -i - 2 = 0. What is the highest common divisor of v and a?
3
Suppose 0 = -5*p - 4*r - 1, -5*p + 0 = 3*r - 3. Suppose f - s = 528, 455 = f + p*s - 69. Calculate the greatest common factor of 31 and f.
31
Suppose -y = -3*y + 6, 5*h - 5*y - 15 = 0. Suppose 2*g = 3*s - 249, s - 125 = -0*g + g. Let z = -72 - g. What is the highest common divisor of z and h?
6
Suppose 20480 = 5*l + 5*x, l + 22*x - 24*x - 4108 = 0. Calculate the highest common divisor of 260 and l.
20
Let f = -4616 - -4624. What is the greatest common divisor of f and 216?
8
Let d be (-2238)/(-8) + (-13)/(-52). Suppose -23*o - d = -28*o. What is the highest common divisor of o and 14?
14
Let v = 1146 + -1122. What is the highest common factor of v and 328?
8
Suppose 0 = 398*a - 384*a - 6020. Let c(o) = o**2 + o - 20. Let i be c(5). What is the greatest common divisor of i and a?
10
Suppose -47*x = 34133 - 59877 - 53357. Calculate the greatest common divisor of 102 and x.
51
Let u = 49345 - 49315. Let b be 3/((4/90)/2). Calculate the highest common divisor of b and u.
15
Suppose 5*z - 135 = -n, 0 = z - 2 + 1. Let p = -208 - 52. Let c = p - -270. What is the greatest common factor of n and c?
10
Suppose -312*k - 33*k + 15075 = -144*k. Let n(c) = -4*c**3 + c**2 + 3. Let s be n(-3). What is the highest common divisor of s and k?
15
Let p = -197 - -400. Suppose -3*i + 4*a = -626 - 31, 4*a - p = -i. What is the greatest common divisor of 86 and i?
43
Let v(h) = h**3 + 19*h**2 - 22*h + 58. Let p be v(-20). What is the greatest common factor of p and 56?
14
Let q = -545 - -620. Suppose -4*w = -20 - 220. What is the highest common factor of q and w?
15
Let j(q) = -4*q + 8. Let f be j(-7). Suppose -52 = -3*a + a - b, -f = -a - 3*b. Suppose 0 = -3*d + 228 + a. Calculate the greatest common divisor of 12 and d.
12
Let r = 377 + -452. Let z be (-3 - -1 - -35) + r/(-25). Let p be (-24)/(-18)*3/2. Calculate the greatest common factor of z and p.
2
Let q = -32743 + 34944. What is the highest common divisor of q and 589?
31
Let q = -22953 - -23085. What is the greatest common divisor of 1650 and q?
66
Let y(n) = n**2 - 12*n + 39. Let u be y(7). Suppose u*b = i + 346 + 490, -b = 3*i - 196. What is the greatest common factor of b and 260?
52
Suppose 4 = 4*w, 40 = 2*s - 3*w - 19. Let j = 2553 - 2522. Calculate the highest common factor of j and s.
31
Suppose 17*d = 12*d + 5, 339 = 5*t - d. What is the greatest common divisor of 10676 and t?
68
Suppose -14 = 5*q + 1. Let n be q/(-8) - (-3)/(-8). Suppose n = -5*a + 2*t + 91, 0*t + 31 = 2*a + t. Calculate the greatest common factor of a and 68.
17
Let q(d) = 8*d**3 - 34*d**2 + 203*d + 81. Let g be q(11). What is the greatest common divisor of 48 and g?
16
Suppose 34589 = 89*p - 13026. Calculate the greatest common factor of 963 and p.
107
Suppose 12*y - 6457 = 1319. What is the greatest common factor of y and 48?
24
Suppose -2981 = -97*k + 802. Calculate the greatest common factor of 114 and k.
3
Let w be 0 - 1 - (0 + -2). Let q